{"id":1539,"date":"2020-05-23T13:57:24","date_gmt":"2020-05-23T11:57:24","guid":{"rendered":"http:\/\/jacquesvilliere.fr\/?page_id=1539"},"modified":"2026-03-19T12:17:38","modified_gmt":"2026-03-19T11:17:38","slug":"galeries","status":"publish","type":"page","link":"https:\/\/jacquesvilliere.fr\/index.php\/galeries\/","title":{"rendered":"GALERIES"},"content":{"rendered":"\n<p>J&rsquo;ai pr\u00e9sent\u00e9 mon travail photographique sous plusieurs th\u00e8mes. Le dernier th\u00e8me (photos de diff\u00e9rents voyages) ne correspond pas vraiment \u00e0 mon travail de photographe, mais c&rsquo;est une occasion de le montrer \u00e0 ceux que cela peut int\u00e9resser.<\/p>\n\n\n\n<p><\/p>\n\n\n\n<ul class=\"wp-block-list\">\n<li><strong><a rel=\"noreferrer noopener\" href=\"http:\/\/jacquesvilliere.fr\/index.php\/galeries\/series-le-plus-exposees\/\" target=\"_blank\">Les s\u00e9ries les plus expos\u00e9es<\/a><\/strong><\/li>\n\n\n\n<li><strong><a rel=\"noreferrer noopener\" href=\"http:\/\/jacquesvilliere.fr\/index.php\/les-series-commentees\/\" target=\"_blank\">Mes principales s\u00e9ries Best of<\/a><\/strong><\/li>\n\n\n\n<li><strong><a href=\"https:\/\/jacquesvilliere.fr\/index.php\/les-series-de-2026\/\" target=\"_blank\" rel=\"noreferrer noopener\">Les s\u00e9ries de 2026<\/a><\/strong><\/li>\n\n\n\n<li><strong><a href=\"http:\/\/jacquesvilliere.fr\/index.php\/galeries\/mes-series-recentes-2023-2024\/\" target=\"_blank\" rel=\"noreferrer noopener\">Mes s\u00e9rie r\u00e9centes (2023-2025)<\/a><\/strong><\/li>\n\n\n\n<li><a rel=\"noreferrer noopener\" href=\"http:\/\/jacquesvilliere.fr\/index.php\/galeries\/photos-de-joutes\/\" target=\"_blank\"><strong>Les photos de joutes<\/strong> <\/a><\/li>\n\n\n\n<li><a rel=\"noreferrer noopener\" href=\"http:\/\/jacquesvilliere.fr\/index.php\/galeries\/diverses-series\/\" target=\"_blank\"><strong>Les autres s\u00e9ries<\/strong><\/a><\/li>\n\n\n\n<li><strong><a rel=\"noreferrer noopener\" href=\"http:\/\/jacquesvilliere.fr\/index.php\/mes-plus-belles-plaques-claquent-clic-clac\/\" target=\"_blank\">Mes plus belles plaques claquent, clic clac<\/a><\/strong> <\/li>\n\n\n\n<li><a rel=\"noreferrer noopener\" href=\"http:\/\/jacquesvilliere.fr\/index.php\/galeries\/carnets-de-voyages-dejantes\/\" target=\"_blank\"><strong>Les carnets de voyage d\u00e9jant\u00e9s<\/strong><\/a>  <\/li>\n\n\n\n<li><strong><a rel=\"noreferrer noopener\" href=\"http:\/\/jacquesvilliere.fr\/index.php\/galeries\/photos-de-differents-voyages\/\" target=\"_blank\">Les photos de diff\u00e9rents voyages<\/a><\/strong>                        <\/li>\n<\/ul>\n\n\n\n<p><\/p>\n","protected":false},"excerpt":{"rendered":"<p>J&rsquo;ai pr\u00e9sent\u00e9 mon travail photographique sous plusieurs th\u00e8mes. Le dernier th\u00e8me (photos de diff\u00e9rents voyages) ne correspond pas vraiment \u00e0 mon travail de photographe, mais c&rsquo;est une occasion de le montrer \u00e0 ceux que cela peut int\u00e9resser.<\/p>\n","protected":false},"author":1,"featured_media":0,"parent":0,"menu_order":3,"comment_status":"closed","ping_status":"closed","template":"","meta":{"_monsterinsights_skip_tracking":false,"_monsterinsights_sitenote_active":false,"_monsterinsights_sitenote_note":"","_monsterinsights_sitenote_category":0,"footnotes":""},"class_list":["post-1539","page","type-page","status-publish","hentry"],"_links":{"self":[{"href":"https:\/\/jacquesvilliere.fr\/index.php\/wp-json\/wp\/v2\/pages\/1539","targetHints":{"allow":["GET"]}}],"collection":[{"href":"https:\/\/jacquesvilliere.fr\/index.php\/wp-json\/wp\/v2\/pages"}],"about":[{"href":"https:\/\/jacquesvilliere.fr\/index.php\/wp-json\/wp\/v2\/types\/page"}],"author":[{"embeddable":true,"href":"https:\/\/jacquesvilliere.fr\/index.php\/wp-json\/wp\/v2\/users\/1"}],"replies":[{"embeddable":true,"href":"https:\/\/jacquesvilliere.fr\/index.php\/wp-json\/wp\/v2\/comments?post=1539"}],"version-history":[{"count":23,"href":"https:\/\/jacquesvilliere.fr\/index.php\/wp-json\/wp\/v2\/pages\/1539\/revisions"}],"predecessor-version":[{"id":5554,"href":"https:\/\/jacquesvilliere.fr\/index.php\/wp-json\/wp\/v2\/pages\/1539\/revisions\/5554"}],"wp:attachment":[{"href":"https:\/\/jacquesvilliere.fr\/index.php\/wp-json\/wp\/v2\/media?parent=1539"}],"curies":[{"name":"wp","href":"https:\/\/api.w.org\/{rel}","templated":true}]}}