{"id":3444,"date":"2021-11-26T11:26:46","date_gmt":"2021-11-26T10:26:46","guid":{"rendered":"http:\/\/jacquesvilliere.fr\/?page_id=3444"},"modified":"2021-11-26T11:26:47","modified_gmt":"2021-11-26T10:26:47","slug":"la-fin-dune-epoque","status":"publish","type":"page","link":"https:\/\/jacquesvilliere.fr\/index.php\/la-fin-dune-epoque\/","title":{"rendered":"La fin d&rsquo;une \u00e9poque"},"content":{"rendered":"\n<p><strong><em>En ao\u00fbt 2019, \u00e0 l\u2019occasion d\u2019une r\u00e9union du G7, le Guardian titrait avec une pointe d\u2019ironie une photo des Chefs d\u2019Etat: \u00ab\u00a0La fin d\u2019une Epoque\u00a0\u00bb<\/em><\/strong><\/p>\n\n\n\n<p><strong><em>\u00ab\u00a0Biarritz, c\u2019est le glamour du vieux monde, surplombant le golfe de Gascogne, avec de douces brises et une lumi\u00e8re dor\u00e9e du soir sur ses plages. Il \u00e9voque une grandeur d\u2019une autre \u00e9poque o\u00f9 l\u2019Europe \u00e9tait le centre du monde.<\/em><\/strong><\/p>\n\n\n\n<p><em><strong>Le sentiment d\u2019importance [des dirigeants participant au G7], combin\u00e9 \u00e0 leur impuissance \u00e9vidente, rappelait les dynasties dirigeantes de l\u2019Europe \u00e0 la veille de la premi\u00e8re guerre mondiale, compl\u00e8tement inconscientes du fait que leur monde allait s\u2019achever\u00a0\u00bb<\/strong><\/em><\/p>\n\n\n\n<p><em>A<strong>u m\u00eame moment, je visitais le ch\u00e2teau dont venait d\u2019h\u00e9riter un ami, ch\u00e2teau qui \u00e9tait dans sa famille depuis plus de trois si\u00e8cles mais qui est en train de se d\u00e9grader. Je fus saisi par le parall\u00e8le entre ce que je voyais, le pass\u00e9 de la demeure, son avenir plus qu\u2019incertain et cette photo du Guardian.<\/strong><\/em><\/p>\n\n\n\n<p><em><strong>Je fis plusieurs s\u00e9jours avec mon appareil photo pour d\u00e9crire ces sensations bizarres. Dans certaines parties, la grandeur reste pr\u00e9serv\u00e9e, on peut y croire. Il reste des traces de la vie d\u2019avant (qui fut grande) mais les ravages du temps sont bien visibles. On peut y voir \u00e9galement les traces d\u2019une maladie qui ronge petit \u00e0 petit, comme le cancer.<\/strong><\/em><\/p>\n\n\n\n<p><em><strong>La fin d\u2019une \u00e9poque peut \u00eatre soit l\u2019occasion d\u2019une chute soit celle d\u2019une renaissance. Pour notre monde comme pour ce ch\u00e2teau, l\u2019avenir reste \u00e0 \u00e9crire.<\/strong><\/em><\/p>\n\n\n\n<style id=\"bwg-style-0\">    #bwg_container1_0 #bwg_container2_0 .bwg-container-0.bwg-standard-thumbnails {      width: 1604px;              justify-content: center;        margin:0 auto !important;              background-color: rgba(255, 255, 255, 0.00);            padding-left: 4px;      padding-top: 4px;      max-width: 100%;            }        #bwg_container1_0 #bwg_container2_0 .bwg-container-0.bwg-standard-thumbnails .bwg-item {    justify-content: flex-start;      max-width: 200px;          }    #bwg_container1_0 #bwg_container2_0 .bwg-container-0.bwg-standard-thumbnails .bwg-item a {       margin-right: 4px;       margin-bottom: 4px;    }    #bwg_container1_0 #bwg_container2_0 .bwg-container-0.bwg-standard-thumbnails .bwg-item0 {      padding: 0px;            background-color:rgba(0,0,0, 0.30);      border: 0px none #CCCCCC;      opacity: 1.00;      border-radius: 0;      box-shadow: ;    }    #bwg_container1_0 #bwg_container2_0 .bwg-container-0.bwg-standard-thumbnails .bwg-item1 img {      max-height: none;      max-width: none;      padding: 0 !important;    }         @media only screen and (min-width: 480px) {\t\t#bwg_container1_0 #bwg_container2_0 .bwg-container-0.bwg-standard-thumbnails .bwg-item1 img {\t\t\t-webkit-transition: all .3s; transition: all .3s;\t\t}\t\t#bwg_container1_0 #bwg_container2_0 .bwg-container-0.bwg-standard-thumbnails .bwg-item1 img:hover {\t\t\t-ms-transform: scale(1.08);\t\t\t-webkit-transform: scale(1.08);\t\t\ttransform: scale(1.08);\t\t}\t\t      }\t    #bwg_container1_0 #bwg_container2_0 .bwg-container-0.bwg-standard-thumbnails .bwg-item1 {      padding-top: 100%;    }        #bwg_container1_0 #bwg_container2_0 .bwg-container-0.bwg-standard-thumbnails .bwg-title2,    #bwg_container1_0 #bwg_container2_0 .bwg-container-0.bwg-standard-thumbnails .bwg-ecommerce2 {      color: #323A45;      font-family: Ubuntu;      font-size: 16px;      font-weight: bold;      padding: 2px;      text-shadow: ;      max-height: 100%;    }    #bwg_container1_0 #bwg_container2_0 .bwg-container-0.bwg-standard-thumbnails .bwg-thumb-description span {    color: #323A45;    font-family: Ubuntu;    font-size: 12px;    max-height: 100%;    word-wrap: break-word;    }    #bwg_container1_0 #bwg_container2_0 .bwg-container-0.bwg-standard-thumbnails .bwg-play-icon2 {      font-size: 32px;    }    #bwg_container1_0 #bwg_container2_0 .bwg-container-0.bwg-standard-thumbnails .bwg-ecommerce2 {      font-size: 19.2px;      color: #323A45;    }    <\/style>    <div id=\"bwg_container1_0\"         class=\"bwg_container bwg_thumbnail bwg_thumbnails \"         data-right-click-protection=\"1\"         data-bwg=\"0\"         data-scroll=\"0\"         data-gallery-type=\"thumbnails\"         data-gallery-view-type=\"thumbnails\"         data-current-url=\"\/index.php\/wp-json\/wp\/v2\/pages\/3444\"         data-lightbox-url=\"https:\/\/jacquesvilliere.fr\/wp-admin\/admin-ajax.php?action=GalleryBox&#038;current_view=0&#038;gallery_id=114&#038;tag=0&#038;theme_id=1&#038;shortcode_id=261&#038;sort_by=alt&#038;order_by=asc&#038;current_url=%2Findex.php%2Fwp-json%2Fwp%2Fv2%2Fpages%2F3444\"         data-gallery-id=\"114\"         data-popup-width=\"700\"         data-popup-height=\"700\"         data-is-album=\"gallery\"         data-buttons-position=\"bottom\">      <div id=\"bwg_container2_0\">             <div id=\"ajax_loading_0\" class=\"bwg_loading_div_1\">      <div class=\"bwg_loading_div_2\">        <div class=\"bwg_loading_div_3\">          <div id=\"loading_div_0\" class=\"bwg_spider_ajax_loading\">          <\/div>        <\/div>      <\/div>    <\/div>            <form id=\"gal_front_form_0\"              class=\"bwg-hidden\"              method=\"post\"              action=\"#\"              data-current=\"0\"              data-shortcode-id=\"261\"              data-gallery-type=\"thumbnails\"              data-gallery-id=\"114\"              data-tag=\"0\"              data-album-id=\"0\"              data-theme-id=\"1\"              data-ajax-url=\"https:\/\/jacquesvilliere.fr\/wp-admin\/admin-ajax.php?action=bwg_frontend_data\">          <div id=\"bwg_container3_0\" class=\"bwg-background bwg-background-0\">                <div data-max-count=\"8\"         data-thumbnail-width=\"200\"         data-bwg=\"0\"         data-gallery-id=\"114\"         data-lightbox-url=\"https:\/\/jacquesvilliere.fr\/wp-admin\/admin-ajax.php?action=GalleryBox&amp;current_view=0&amp;gallery_id=114&amp;tag=0&amp;theme_id=1&amp;shortcode_id=261&amp;sort_by=alt&amp;order_by=asc&amp;current_url=%2Findex.php%2Fwp-json%2Fwp%2Fv2%2Fpages%2F3444\"         id=\"bwg_thumbnails_0\"         class=\"bwg-container-0 bwg-thumbnails bwg-standard-thumbnails bwg-container bwg-border-box\">            <div class=\"bwg-item\">        <a class=\"bwg-a  bwg_lightbox\"  data-image-id=\"2286\" href=\"https:\/\/jacquesvilliere.fr\/wp-content\/uploads\/photo-gallery\/imported_from_media_libray\/01_.jpg?bwg=1633180238\" data-elementor-open-lightbox=\"no\">                <div class=\"bwg-item0  lazy_loader \">          <div class=\"bwg-item1 \">            <div class=\"bwg-item2\">              <img decoding=\"async\" class=\"skip-lazy bwg_standart_thumb_img_0  bwg_lazyload \"                   data-id=\"2286\"                   data-width=\"467\"                   data-height=\"700\"                   data-src=\"https:\/\/jacquesvilliere.fr\/wp-content\/uploads\/photo-gallery\/imported_from_media_libray\/thumb\/01_.jpg?bwg=1633180238\"                   src=\"https:\/\/jacquesvilliere.fr\/wp-content\/plugins\/photo-gallery\/images\/lazy_placeholder.gif\"                   alt=\"01 \"                   title=\"01 \" \/>            <\/div>            <div class=\"\">                                                      <\/div>          <\/div>        <\/div>                        <\/a>              <\/div>            <div class=\"bwg-item\">        <a class=\"bwg-a  bwg_lightbox\"  data-image-id=\"2287\" href=\"https:\/\/jacquesvilliere.fr\/wp-content\/uploads\/photo-gallery\/imported_from_media_libray\/02_.jpg?bwg=1633180238\" data-elementor-open-lightbox=\"no\">                <div class=\"bwg-item0  lazy_loader \">          <div class=\"bwg-item1 \">            <div class=\"bwg-item2\">              <img decoding=\"async\" class=\"skip-lazy bwg_standart_thumb_img_0  bwg_lazyload \"                   data-id=\"2287\"                   data-width=\"467\"                   data-height=\"700\"                   data-src=\"https:\/\/jacquesvilliere.fr\/wp-content\/uploads\/photo-gallery\/imported_from_media_libray\/thumb\/02_.jpg?bwg=1633180238\"                   src=\"https:\/\/jacquesvilliere.fr\/wp-content\/plugins\/photo-gallery\/images\/lazy_placeholder.gif\"                   alt=\"02 \"                   title=\"02 \" \/>            <\/div>            <div class=\"\">                                                      <\/div>          <\/div>        <\/div>                        <\/a>              <\/div>            <div class=\"bwg-item\">        <a class=\"bwg-a  bwg_lightbox\"  data-image-id=\"2288\" href=\"https:\/\/jacquesvilliere.fr\/wp-content\/uploads\/photo-gallery\/imported_from_media_libray\/03_.jpg?bwg=1633180238\" data-elementor-open-lightbox=\"no\">                <div class=\"bwg-item0  lazy_loader \">          <div class=\"bwg-item1 \">            <div class=\"bwg-item2\">              <img decoding=\"async\" class=\"skip-lazy bwg_standart_thumb_img_0  bwg_lazyload \"                   data-id=\"2288\"                   data-width=\"467\"                   data-height=\"700\"                   data-src=\"https:\/\/jacquesvilliere.fr\/wp-content\/uploads\/photo-gallery\/imported_from_media_libray\/thumb\/03_.jpg?bwg=1633180238\"                   src=\"https:\/\/jacquesvilliere.fr\/wp-content\/plugins\/photo-gallery\/images\/lazy_placeholder.gif\"                   alt=\"03 \"                   title=\"03 \" \/>            <\/div>            <div class=\"\">                                                      <\/div>          <\/div>        <\/div>                        <\/a>              <\/div>            <div class=\"bwg-item\">        <a class=\"bwg-a  bwg_lightbox\"  data-image-id=\"2290\" href=\"https:\/\/jacquesvilliere.fr\/wp-content\/uploads\/photo-gallery\/imported_from_media_libray\/04_.jpg?bwg=1633180238\" data-elementor-open-lightbox=\"no\">                <div class=\"bwg-item0  lazy_loader \">          <div class=\"bwg-item1 \">            <div class=\"bwg-item2\">              <img decoding=\"async\" class=\"skip-lazy bwg_standart_thumb_img_0  bwg_lazyload \"                   data-id=\"2290\"                   data-width=\"467\"                   data-height=\"700\"                   data-src=\"https:\/\/jacquesvilliere.fr\/wp-content\/uploads\/photo-gallery\/imported_from_media_libray\/thumb\/04_.jpg?bwg=1633180238\"                   src=\"https:\/\/jacquesvilliere.fr\/wp-content\/plugins\/photo-gallery\/images\/lazy_placeholder.gif\"                   alt=\"04 \"                   title=\"04 \" \/>            <\/div>            <div class=\"\">                                                      <\/div>          <\/div>        <\/div>                        <\/a>              <\/div>            <div class=\"bwg-item\">        <a class=\"bwg-a  bwg_lightbox\"  data-image-id=\"2291\" href=\"https:\/\/jacquesvilliere.fr\/wp-content\/uploads\/photo-gallery\/imported_from_media_libray\/05_.jpg?bwg=1633180238\" data-elementor-open-lightbox=\"no\">                <div class=\"bwg-item0  lazy_loader \">          <div class=\"bwg-item1 \">            <div class=\"bwg-item2\">              <img decoding=\"async\" class=\"skip-lazy bwg_standart_thumb_img_0  bwg_lazyload \"                   data-id=\"2291\"                   data-width=\"467\"                   data-height=\"700\"                   data-src=\"https:\/\/jacquesvilliere.fr\/wp-content\/uploads\/photo-gallery\/imported_from_media_libray\/thumb\/05_.jpg?bwg=1633180238\"                   src=\"https:\/\/jacquesvilliere.fr\/wp-content\/plugins\/photo-gallery\/images\/lazy_placeholder.gif\"                   alt=\"05 \"                   title=\"05 \" \/>            <\/div>            <div class=\"\">                                                      <\/div>          <\/div>        <\/div>                        <\/a>              <\/div>            <div class=\"bwg-item\">        <a class=\"bwg-a  bwg_lightbox\"  data-image-id=\"2289\" href=\"https:\/\/jacquesvilliere.fr\/wp-content\/uploads\/photo-gallery\/imported_from_media_libray\/06_.jpg?bwg=1633180238\" data-elementor-open-lightbox=\"no\">                <div class=\"bwg-item0  lazy_loader \">          <div class=\"bwg-item1 \">            <div class=\"bwg-item2\">              <img decoding=\"async\" class=\"skip-lazy bwg_standart_thumb_img_0  bwg_lazyload \"                   data-id=\"2289\"                   data-width=\"467\"                   data-height=\"700\"                   data-src=\"https:\/\/jacquesvilliere.fr\/wp-content\/uploads\/photo-gallery\/imported_from_media_libray\/thumb\/06_.jpg?bwg=1633180238\"                   src=\"https:\/\/jacquesvilliere.fr\/wp-content\/plugins\/photo-gallery\/images\/lazy_placeholder.gif\"                   alt=\"06 \"                   title=\"06 \" \/>            <\/div>            <div class=\"\">                                                      <\/div>          <\/div>        <\/div>                        <\/a>              <\/div>            <div class=\"bwg-item\">        <a class=\"bwg-a  bwg_lightbox\"  data-image-id=\"2292\" href=\"https:\/\/jacquesvilliere.fr\/wp-content\/uploads\/photo-gallery\/imported_from_media_libray\/07_.jpg?bwg=1633180238\" data-elementor-open-lightbox=\"no\">                <div class=\"bwg-item0  lazy_loader \">          <div class=\"bwg-item1 \">            <div class=\"bwg-item2\">              <img decoding=\"async\" class=\"skip-lazy bwg_standart_thumb_img_0  bwg_lazyload \"                   data-id=\"2292\"                   data-width=\"467\"                   data-height=\"700\"                   data-src=\"https:\/\/jacquesvilliere.fr\/wp-content\/uploads\/photo-gallery\/imported_from_media_libray\/thumb\/07_.jpg?bwg=1633180238\"                   src=\"https:\/\/jacquesvilliere.fr\/wp-content\/plugins\/photo-gallery\/images\/lazy_placeholder.gif\"                   alt=\"07 \"                   title=\"07 \" \/>            <\/div>            <div class=\"\">                                                      <\/div>          <\/div>        <\/div>                        <\/a>              <\/div>            <div class=\"bwg-item\">        <a class=\"bwg-a  bwg_lightbox\"  data-image-id=\"2294\" href=\"https:\/\/jacquesvilliere.fr\/wp-content\/uploads\/photo-gallery\/imported_from_media_libray\/08_.jpg?bwg=1633180238\" data-elementor-open-lightbox=\"no\">                <div class=\"bwg-item0  lazy_loader \">          <div class=\"bwg-item1 \">            <div class=\"bwg-item2\">              <img decoding=\"async\" class=\"skip-lazy bwg_standart_thumb_img_0  bwg_lazyload \"                   data-id=\"2294\"                   data-width=\"467\"                   data-height=\"700\"                   data-src=\"https:\/\/jacquesvilliere.fr\/wp-content\/uploads\/photo-gallery\/imported_from_media_libray\/thumb\/08_.jpg?bwg=1633180238\"                   src=\"https:\/\/jacquesvilliere.fr\/wp-content\/plugins\/photo-gallery\/images\/lazy_placeholder.gif\"                   alt=\"08 \"                   title=\"08 \" \/>            <\/div>            <div class=\"\">                                                      <\/div>          <\/div>        <\/div>                        <\/a>              <\/div>            <div class=\"bwg-item\">        <a class=\"bwg-a  bwg_lightbox\"  data-image-id=\"2293\" href=\"https:\/\/jacquesvilliere.fr\/wp-content\/uploads\/photo-gallery\/imported_from_media_libray\/09_.jpg?bwg=1633180238\" data-elementor-open-lightbox=\"no\">                <div class=\"bwg-item0  lazy_loader \">          <div class=\"bwg-item1 \">            <div class=\"bwg-item2\">              <img decoding=\"async\" class=\"skip-lazy bwg_standart_thumb_img_0  bwg_lazyload \"                   data-id=\"2293\"                   data-width=\"467\"                   data-height=\"700\"                   data-src=\"https:\/\/jacquesvilliere.fr\/wp-content\/uploads\/photo-gallery\/imported_from_media_libray\/thumb\/09_.jpg?bwg=1633180238\"                   src=\"https:\/\/jacquesvilliere.fr\/wp-content\/plugins\/photo-gallery\/images\/lazy_placeholder.gif\"                   alt=\"09 \"                   title=\"09 \" \/>            <\/div>            <div class=\"\">                                                      <\/div>          <\/div>        <\/div>                        <\/a>              <\/div>            <div class=\"bwg-item\">        <a class=\"bwg-a  bwg_lightbox\"  data-image-id=\"2295\" href=\"https:\/\/jacquesvilliere.fr\/wp-content\/uploads\/photo-gallery\/imported_from_media_libray\/10_.jpg?bwg=1633180238\" data-elementor-open-lightbox=\"no\">                <div class=\"bwg-item0  lazy_loader \">          <div class=\"bwg-item1 \">            <div class=\"bwg-item2\">              <img decoding=\"async\" class=\"skip-lazy bwg_standart_thumb_img_0  bwg_lazyload \"                   data-id=\"2295\"                   data-width=\"467\"                   data-height=\"700\"                   data-src=\"https:\/\/jacquesvilliere.fr\/wp-content\/uploads\/photo-gallery\/imported_from_media_libray\/thumb\/10_.jpg?bwg=1633180238\"                   src=\"https:\/\/jacquesvilliere.fr\/wp-content\/plugins\/photo-gallery\/images\/lazy_placeholder.gif\"                   alt=\"10 \"                   title=\"10 \" \/>            <\/div>            <div class=\"\">                                                      <\/div>          <\/div>        <\/div>                        <\/a>              <\/div>            <div class=\"bwg-item\">        <a class=\"bwg-a  bwg_lightbox\"  data-image-id=\"2297\" href=\"https:\/\/jacquesvilliere.fr\/wp-content\/uploads\/photo-gallery\/imported_from_media_libray\/11_.jpg?bwg=1633180238\" data-elementor-open-lightbox=\"no\">                <div class=\"bwg-item0  lazy_loader \">          <div class=\"bwg-item1 \">            <div class=\"bwg-item2\">              <img decoding=\"async\" class=\"skip-lazy bwg_standart_thumb_img_0  bwg_lazyload \"                   data-id=\"2297\"                   data-width=\"467\"                   data-height=\"700\"                   data-src=\"https:\/\/jacquesvilliere.fr\/wp-content\/uploads\/photo-gallery\/imported_from_media_libray\/thumb\/11_.jpg?bwg=1633180238\"                   src=\"https:\/\/jacquesvilliere.fr\/wp-content\/plugins\/photo-gallery\/images\/lazy_placeholder.gif\"                   alt=\"11 \"                   title=\"11 \" \/>            <\/div>            <div class=\"\">                                                      <\/div>          <\/div>        <\/div>                        <\/a>              <\/div>            <div class=\"bwg-item\">        <a class=\"bwg-a  bwg_lightbox\"  data-image-id=\"2298\" href=\"https:\/\/jacquesvilliere.fr\/wp-content\/uploads\/photo-gallery\/imported_from_media_libray\/12_.jpg?bwg=1633180238\" data-elementor-open-lightbox=\"no\">                <div class=\"bwg-item0  lazy_loader \">          <div class=\"bwg-item1 \">            <div class=\"bwg-item2\">              <img decoding=\"async\" class=\"skip-lazy bwg_standart_thumb_img_0  bwg_lazyload \"                   data-id=\"2298\"                   data-width=\"467\"                   data-height=\"700\"                   data-src=\"https:\/\/jacquesvilliere.fr\/wp-content\/uploads\/photo-gallery\/imported_from_media_libray\/thumb\/12_.jpg?bwg=1633180238\"                   src=\"https:\/\/jacquesvilliere.fr\/wp-content\/plugins\/photo-gallery\/images\/lazy_placeholder.gif\"                   alt=\"12 \"                   title=\"12 \" \/>            <\/div>            <div class=\"\">                                                      <\/div>          <\/div>        <\/div>                        <\/a>              <\/div>            <div class=\"bwg-item\">        <a class=\"bwg-a  bwg_lightbox\"  data-image-id=\"2296\" href=\"https:\/\/jacquesvilliere.fr\/wp-content\/uploads\/photo-gallery\/imported_from_media_libray\/13_.jpg?bwg=1633180238\" data-elementor-open-lightbox=\"no\">                <div class=\"bwg-item0  lazy_loader \">          <div class=\"bwg-item1 \">            <div class=\"bwg-item2\">              <img decoding=\"async\" class=\"skip-lazy bwg_standart_thumb_img_0  bwg_lazyload \"                   data-id=\"2296\"                   data-width=\"467\"                   data-height=\"700\"                   data-src=\"https:\/\/jacquesvilliere.fr\/wp-content\/uploads\/photo-gallery\/imported_from_media_libray\/thumb\/13_.jpg?bwg=1633180238\"                   src=\"https:\/\/jacquesvilliere.fr\/wp-content\/plugins\/photo-gallery\/images\/lazy_placeholder.gif\"                   alt=\"13 \"                   title=\"13 \" \/>            <\/div>            <div class=\"\">                                                      <\/div>          <\/div>        <\/div>                        <\/a>              <\/div>            <div class=\"bwg-item\">        <a class=\"bwg-a  bwg_lightbox\"  data-image-id=\"2299\" href=\"https:\/\/jacquesvilliere.fr\/wp-content\/uploads\/photo-gallery\/imported_from_media_libray\/14_.jpg?bwg=1633180238\" data-elementor-open-lightbox=\"no\">                <div class=\"bwg-item0  lazy_loader \">          <div class=\"bwg-item1 \">            <div class=\"bwg-item2\">              <img decoding=\"async\" class=\"skip-lazy bwg_standart_thumb_img_0  bwg_lazyload \"                   data-id=\"2299\"                   data-width=\"467\"                   data-height=\"700\"                   data-src=\"https:\/\/jacquesvilliere.fr\/wp-content\/uploads\/photo-gallery\/imported_from_media_libray\/thumb\/14_.jpg?bwg=1633180238\"                   src=\"https:\/\/jacquesvilliere.fr\/wp-content\/plugins\/photo-gallery\/images\/lazy_placeholder.gif\"                   alt=\"14 \"                   title=\"14 \" \/>            <\/div>            <div class=\"\">                                                      <\/div>          <\/div>        <\/div>                        <\/a>              <\/div>            <div class=\"bwg-item\">        <a class=\"bwg-a  bwg_lightbox\"  data-image-id=\"2300\" href=\"https:\/\/jacquesvilliere.fr\/wp-content\/uploads\/photo-gallery\/imported_from_media_libray\/15_.jpg?bwg=1633180238\" data-elementor-open-lightbox=\"no\">                <div class=\"bwg-item0  lazy_loader \">          <div class=\"bwg-item1 \">            <div class=\"bwg-item2\">              <img decoding=\"async\" class=\"skip-lazy bwg_standart_thumb_img_0  bwg_lazyload \"                   data-id=\"2300\"                   data-width=\"467\"                   data-height=\"700\"                   data-src=\"https:\/\/jacquesvilliere.fr\/wp-content\/uploads\/photo-gallery\/imported_from_media_libray\/thumb\/15_.jpg?bwg=1633180238\"                   src=\"https:\/\/jacquesvilliere.fr\/wp-content\/plugins\/photo-gallery\/images\/lazy_placeholder.gif\"                   alt=\"15 \"                   title=\"15 \" \/>            <\/div>            <div class=\"\">                                                      <\/div>          <\/div>        <\/div>                        <\/a>              <\/div>          <\/div>              <\/div>        <\/form>        <style>          #bwg_container1_0 #bwg_container2_0 #spider_popup_overlay_0 {          background-color: #EEEEEE;          opacity: 0.60;          }          <\/style>        <div id=\"bwg_spider_popup_loading_0\" class=\"bwg_spider_popup_loading\"><\/div>        <div id=\"spider_popup_overlay_0\" class=\"spider_popup_overlay\" onclick=\"spider_destroypopup(1000)\"><\/div>        <input type=\"hidden\" id=\"bwg_random_seed_0\" value=\"1357652430\">                <\/div>    <\/div>    <script>      if (document.readyState === 'complete') {        if( typeof bwg_main_ready == 'function' ) {          if ( jQuery(\"#bwg_container1_0\").height() ) {            bwg_main_ready(jQuery(\"#bwg_container1_0\"));          }        }      } else {        document.addEventListener('DOMContentLoaded', function() {          if( typeof bwg_main_ready == 'function' ) {            if ( jQuery(\"#bwg_container1_0\").height() ) {             bwg_main_ready(jQuery(\"#bwg_container1_0\"));            }          }        });      }    <\/script>    \n","protected":false},"excerpt":{"rendered":"<p>En ao\u00fbt 2019, \u00e0 l\u2019occasion d\u2019une r\u00e9union du G7, le Guardian titrait avec une pointe d\u2019ironie une photo des Chefs d\u2019Etat: \u00ab\u00a0La fin d\u2019une Epoque\u00a0\u00bb \u00ab\u00a0Biarritz, c\u2019est le glamour du vieux monde, surplombant le golfe de Gascogne, avec de douces brises et une lumi\u00e8re dor\u00e9e du soir sur ses plages. Il \u00e9voque une grandeur d\u2019une&hellip;<\/p>\n","protected":false},"author":1,"featured_media":0,"parent":0,"menu_order":0,"comment_status":"closed","ping_status":"closed","template":"","meta":{"_monsterinsights_skip_tracking":false,"_monsterinsights_sitenote_active":false,"_monsterinsights_sitenote_note":"","_monsterinsights_sitenote_category":0,"footnotes":""},"class_list":["post-3444","page","type-page","status-publish","hentry"],"_links":{"self":[{"href":"https:\/\/jacquesvilliere.fr\/index.php\/wp-json\/wp\/v2\/pages\/3444","targetHints":{"allow":["GET"]}}],"collection":[{"href":"https:\/\/jacquesvilliere.fr\/index.php\/wp-json\/wp\/v2\/pages"}],"about":[{"href":"https:\/\/jacquesvilliere.fr\/index.php\/wp-json\/wp\/v2\/types\/page"}],"author":[{"embeddable":true,"href":"https:\/\/jacquesvilliere.fr\/index.php\/wp-json\/wp\/v2\/users\/1"}],"replies":[{"embeddable":true,"href":"https:\/\/jacquesvilliere.fr\/index.php\/wp-json\/wp\/v2\/comments?post=3444"}],"version-history":[{"count":1,"href":"https:\/\/jacquesvilliere.fr\/index.php\/wp-json\/wp\/v2\/pages\/3444\/revisions"}],"predecessor-version":[{"id":3445,"href":"https:\/\/jacquesvilliere.fr\/index.php\/wp-json\/wp\/v2\/pages\/3444\/revisions\/3445"}],"wp:attachment":[{"href":"https:\/\/jacquesvilliere.fr\/index.php\/wp-json\/wp\/v2\/media?parent=3444"}],"curies":[{"name":"wp","href":"https:\/\/api.w.org\/{rel}","templated":true}]}}